 composite?
True
Is 370589 composite?
True
Is 11394967 composite?
False
Is 276674689 composite?
False
Is 6774319 a composite number?
False
Is 45539421 prime?
False
Is 1623661 a composite number?
True
Is 5142353 prime?
True
Is 1010657 prime?
False
Is 57485 prime?
False
Is 6121 composite?
False
Is 765242 a composite number?
True
Is 10464593 a prime number?
True
Is 10980029 composite?
False
Is 12033037 a composite number?
False
Is 519457 a prime number?
True
Is 7735219 composite?
False
Is 78068337 a composite number?
True
Is 3250823 composite?
True
Is 45306847 prime?
True
Is 3207389 composite?
True
Is 23707111 a composite number?
True
Is 1841711 a composite number?
False
Is 757049 a composite number?
True
Is 19536949 composite?
False
Is 809023 a composite number?
False
Is 43627721 composite?
False
Is 1184171 prime?
True
Is 3383403 a prime number?
False
Is 445399 a prime number?
False
Is 6336013 a prime number?
True
Is 6869711 composite?
True
Is 11678039 prime?
False
Is 4550701 a composite number?
False
Is 6726523 composite?
False
Is 15901151 a prime number?
False
Is 6447419 a prime number?
False
Is 145351889 composite?
True
Is 3460973 a prime number?
True
Is 2063057 composite?
False
Is 198374243 a prime number?
True
Is 61266059 composite?
False
Is 53095151 composite?
False
Is 5924911 a composite number?
True
Is 396682477 a composite number?
True
Is 1842514 composite?
True
Is 4691501 a composite number?
False
Is 75890273 prime?
False
Is 22804501 a prime number?
False
Is 244974179 a composite number?
True
Is 2064511 prime?
True
Is 103910017 a composite number?
False
Is 243142181 composite?
False
Is 2878207 a prime number?
False
Is 4178983 prime?
True
Is 424661 a composite number?
False
Is 5287 composite?
True
Is 19432081 a composite number?
False
Is 56836211 a prime number?
False
Is 26666567 a composite number?
False
Is 85110563 composite?
True
Is 80957321 prime?
True
Is 22625819 prime?
False
Is 166147819 a prime number?
True
Is 6088283 prime?
False
Is 736843 a prime number?
True
Is 67323233 composite?
False
Is 88079 composite?
False
Is 633739 a prime number?
True
Is 3041123 a composite number?
True
Is 9158477 composite?
True
Is 89323334 a composite number?
True
Is 32545451 prime?
False
Is 16389833 a composite number?
False
Is 117374857 a prime number?
False
Is 137021381 prime?
False
Is 1473649 composite?
False
Is 38350021 composite?
True
Is 53941301 prime?
False
Is 18631489 composite?
True
Is 34269413 composite?
False
Is 74089241 a prime number?
False
Is 161943901 a prime number?
False
Is 1568293 composite?
False
Is 13221347 a composite number?
False
Is 952349 composite?
False
Is 216214 a prime number?
False
Is 9601457 a composite number?
False
Is 23624171 composite?
False
Is 4282367 composite?
False
Is 2024201 a prime number?
False
Is 520673 a composite number?
True
Is 203554759 a composite number?
True
Is 3531547 prime?
False
Is 2898383 composite?
False
Is 29254021 a composite number?
True
Is 24108001 composite?
False
Is 456091 a prime number?
True
Is 1378331 prime?
False
Is 253566953 a composite number?
False
Is 29019079 prime?
True
Is 197149081 prime?
False
Is 2012939 a composite number?
True
Is 6964291 prime?
True
Is 1967239 composite?
False
Is 299338885 a composite number?
True
Is 7999709 composite?
False
Is 16593301 a composite number?
False
Is 506969 prime?
False
Is 672743 prime?
True
Is 6038666 a composite number?
True
Is 1443331 composite?
False
Is 74659499 a composite number?
True
Is 1646629 a prime number?
True
Is 38794087 prime?
False
Is 11869847 composite?
True
Is 75661 a composite number?
True
Is 201036949 composite?
False
Is 84981331 a composite number?
False
Is 427727 a prime number?
True
Is 1937071 prime?
True
Is 62741291 a prime number?
False
Is 82456337 prime?
False
Is 501276707 composite?
False
Is 310969 prime?
True
Is 32721989 a composite number?
False
Is 71911871 prime?
False
Is 4889723 composite?
True
Is 132977807 a composite number?
True
Is 20916871 composite?
False
Is 824882743 a prime number?
True
Is 2302879 prime?
True
Is 36306035 composite?
True
Is 2329147 prime?
True
Is 1555223 composite?
False
Is 132089669 a prime number?
True
Is 109723063 composite?
True
Is 717089 a composite number?
False
Is 71812447 a composite number?
True
Is 5477798 a prime number?
False
Is 6595703 prime?
True
Is 991693 prime?
True
Is 169493729 prime?
False
Is 7119001 a composite number?
True
Is 3158759 a prime number?
True
Is 70469947 prime?
False
Is 332606623 prime?
True
Is 216949 composite?
True
Is 94738027 composite?
False
Is 137320954 a prime number?
False
Is 6161081 prime?
True
Is 72536819 prime?
True
Is 435817 a composite number?
False
Is 250375291 prime?
False
Is 373291 composite?
False
Is 7639573 prime?
True
Is 111184159 composite?
True
Is 160764893 prime?
False
Is 19523643 a composite number?
True
Is 485733202 a prime number?
False
Is 44151707 composite?
False
Is 16015591 a prime number?
False
Is 130677023 a composite number?
True
Is 36826345 a composite number?
True
Is 54305014 prime?
False
Is 25707737 composite?
True
Is 473821 composite?
True
Is 11702329 a composite number?
False
Is 104484829 composite?
False
Is 130994519 composite?
False
Is 146925971 a prime number?
False
Is 13505717 composite?
False
Is 206711831 composite?
False
Is 227210507 prime?
True
Is 61093147 prime?
False
Is 41612785 composite?
True
Is 63657926 prime?
False
Is 231520747 prime?
False
Is 19124647 prime?
True
Is 8108641 prime?
True
Is 1144029 composite?
True
Is 32733973 a prime number?
True
Is 533841023 a prime number?
True
Is 8287921 a prime number?
True
Is 391047557 composite?
True
Is 35387489 a composite number?
True
Is 5065627 prime?
False
Is 4836223 prime?
False
Is 13038409 a prime number?
False
Is 6226559 a prime number?
True
Is 4256209 prime?
False
Is 1275269 a composite number?
False
Is 125652451 prime?
False
Is 33532259 composite?
False
Is 228331 composite?
False
Is 29549491 composite?
True
Is 3252911 a composite number?
True
Is 2524159 a composite number?
True
Is 3818247 a prime number?
False
Is 3479821 prime?
False
Is 14121787 prime?
True
Is 53102051 a prime number?
True
Is 41723147 prime?
True
Is 3547823 composite?
False
Is 10897777 a prime number?
False
Is 604133 a composite number?
True
Is 11177069 a composite number?
False
Is 139939 prime?
True
Is 5159911 a prime number?
True
Is 23025109 composite?
False
Is 1261069 prime?
True
Is 92748629 prime?
True
Is 2171077 prime?
True
Is 25269081 a prime number?
False
Is 3184271 composite?
True
Is 340626599 a composite number?
False
Is 3407839 a prime number?
False
Is 15283369 a composite number?
True
Is 6013589 prime?
False
Is 148679 prime?
False
Is 1810807 a prime number?
False
Is 98415721 a prime number?
False
Is 10394049 a prime number?
False
Is 31567577 prime?
False
Is 2281679 a prime number?
False
Is 57723973 prime?
False
Is 24831319 a composite number?
False
Is 9776807 composite?
False
Is 50418629 composite?
False
Is 5881357 prime?
False
Is 4846433 composite?
True
Is 10503649 a prime number?
False
Is 2121443 prime?
True
Is 29564947 a composite number?
False
Is 42515693 prime?
False
Is 190233889 composite?
False
Is 12490151 composite?
True
Is 430357 a prime number?
True
Is 134536481 composite?
True
Is 17815263 a prime number?
False
Is 267493 composite?
False
Is 8147483 prime?
True
Is 18474455 a prime number?
False
Is 62735 composite?
True
Is 2182819729 a prime number?
True
Is 47861327 a prime number?
True
Is 348269 a prime number?
True
Is 84237709 composite?
False
Is 6023599 a composite number?
False
Is 290761 a prime number?
True
Is 2265827 a composite number?
True
Is 29028011 a composite number?
False
Is 6820271 prime?
False
Is 904831 a prime number?
False
Is 70679639 a composite number?
True
Is 226972203 prime?
False
Is 632142431 composite?
False
Is 17485989 composite?
True
Is 372402341 a composite number?
False
Is 193978327 a prime number?
False
Is 672263899 a composite number?
False
Is 541321 a composite number?
True
Is 48405113 a composite number?
False
Is 6563663 prime?
True
Is 170237239 composite?
True
Is 4579871 a prime number?
True
Is 4774663 composite?
False
Is 315496777 composite?
True
Is 4788949 composite?
True
Is 63122711 composite?
False
Is 38814013 a composite number?
True
Is 234047